381956 and 63?
9
What is the highest common divisor of 200169 and 8349?
69
Calculate the greatest common divisor of 6213092 and 68.
68
What is the greatest common divisor of 203280 and 7680112?
1936
What is the greatest common divisor of 462 and 500238618?
66
What is the highest common divisor of 2404235 and 190180?
1285
What is the highest common divisor of 3846376 and 2238?
746
Calculate the greatest common divisor of 49564 and 2228.
4
What is the greatest common divisor of 5647146 and 4650?
186
Calculate the highest common divisor of 27775 and 44743.
101
Calculate the greatest common divisor of 199430478 and 18252.
9126
What is the highest common factor of 75 and 1868425?
25
Calculate the highest common factor of 759500 and 1705.
155
Calculate the highest common divisor of 4 and 85823068.
4
Calculate the greatest common divisor of 17119 and 483854.
323
What is the highest common factor of 70 and 22220275?
35
Calculate the highest common divisor of 1680 and 214788.
84
What is the highest common factor of 7304856 and 1384?
8
Calculate the highest common divisor of 42334075 and 31725.
1175
What is the highest common factor of 363 and 11559?
3
What is the greatest common factor of 481745 and 103455?
1045
Calculate the highest common divisor of 455202 and 1990098.
3762
Calculate the highest common divisor of 282 and 506237.
47
Calculate the greatest common factor of 583 and 2036661.
11
Calculate the highest common divisor of 118343 and 153.
1
What is the greatest common factor of 45210 and 264930?
30
What is the highest common divisor of 420 and 52571820?
420
What is the highest common factor of 129429 and 1509786?
657
Calculate the greatest common divisor of 486910319 and 203.
203
What is the greatest common divisor of 60 and 28145145?
15
Calculate the greatest common divisor of 185 and 135624795.
185
Calculate the highest common factor of 656148402 and 117.
117
Calculate the highest common divisor of 276963 and 2603.
19
Calculate the greatest common factor of 26 and 3222778.
26
What is the greatest common divisor of 3939 and 67308420?
303
Calculate the highest common divisor of 75989805 and 40.
5
What is the highest common factor of 5092780 and 8965?
55
Calculate the highest common factor of 78683 and 117139.
253
What is the greatest common factor of 168 and 117855150?
42
What is the highest common divisor of 48844 and 1240?
4
What is the greatest common factor of 28 and 117539828?
28
Calculate the greatest common divisor of 28 and 69169.
1
What is the highest common factor of 13593927 and 6057?
2019
Calculate the highest common factor of 3537 and 149913.
9
Calculate the greatest common divisor of 634 and 11333701.
317
Calculate the greatest common divisor of 2493856 and 400.
16
What is the greatest common factor of 2590 and 47434?
74
What is the highest common factor of 585 and 15330120?
195
What is the highest common factor of 63330384 and 5070?
1014
Calculate the greatest common divisor of 2849794 and 254502.
3142
What is the greatest common factor of 768 and 10369152?
384
Calculate the greatest common divisor of 2490 and 40195.
5
Calculate the highest common divisor of 17829 and 522823539.
5943
Calculate the highest common factor of 190 and 199056445.
95
What is the greatest common factor of 3 and 2099805?
3
Calculate the greatest common divisor of 5532075 and 230.
115
Calculate the greatest common factor of 601 and 32115637.
601
Calculate the highest common factor of 2485 and 4063115.
35
What is the greatest common factor of 6359808 and 46956?
1092
Calculate the highest common divisor of 819920 and 9048720.
2960
Calculate the greatest common factor of 131870 and 9290.
10
Calculate the greatest common divisor of 335235 and 60.
15
Calculate the highest common divisor of 45475 and 155331900.
2675
Calculate the greatest common divisor of 152 and 27732856.
152
What is the highest common factor of 200920813 and 7281?
809
What is the greatest common divisor of 135541 and 4750769?
1139
What is the highest common divisor of 690571 and 4794?
47
What is the greatest common factor of 23566296 and 1014?
78
What is the highest common factor of 6 and 29668638?
6
What is the greatest common factor of 206705 and 425?
5
Calculate the highest common divisor of 12472 and 69624.
8
Calculate the greatest common factor of 156736 and 4219627.
2449
Calculate the highest common divisor of 12195721 and 139.
139
Calculate the highest common divisor of 690784044 and 12.
12
Calculate the greatest common divisor of 783 and 100920.
87
Calculate the greatest common factor of 2176896 and 96.
96
What is the greatest common divisor of 70452 and 53457?
309
Calculate the highest common divisor of 45 and 1010988.
9
What is the greatest common divisor of 18383275 and 375?
25
What is the highest common factor of 115212 and 106308?
12
What is the highest common factor of 144398 and 833?
17
What is the greatest common factor of 2696 and 64962142?
674
Calculate the highest common factor of 25791128 and 66.
22
What is the highest common divisor of 243338935 and 3010?
1505
Calculate the greatest common divisor of 114 and 57363907.
19
Calculate the highest common factor of 111432 and 2082.
6
What is the highest common factor of 584 and 4770550?
146
Calculate the greatest common divisor of 800515 and 27255.
115
What is the highest common divisor of 108 and 278181?
27
Calculate the greatest common factor of 66564961 and 171.
19
Calculate the highest common factor of 1085142 and 83166.
498
Calculate the greatest common factor of 57 and 31130037.
57
Calculate the highest common factor of 1442800 and 925.
25
Calculate the highest common factor of 505683 and 749169.
243
Calculate the highest common factor of 16965 and 419580.
45
Calculate the highest common factor of 72 and 838248.
24
What is the greatest common factor of 1782 and 157747986?
1782
What is the highest common divisor of 34744219 and 829?
829
Calculate the highest common factor of 1218 and 63443648.
58
Calculate the highest common divisor of 5720 and 3203915.
715
Calculate the greatest common factor of 12282 and 1002570.
138
What is the greatest common factor of 362463 and 2603?
19
What is the highest common divisor of 75278 and 10791639?
5377
Calculate the greatest common divisor of 64506012 and 876.
876
What is the greatest common divisor of 182 and 28557816?
14
What is the highest common factor of 486 and 114334092?
162
What is the greatest common factor of 5907756 and 336?
12
Calculate the greatest common factor of 90 and 43081860.
30
Calculate the highest common factor of 16744770 and 639.
9
What is the highest common factor of 69 and 1099042419?
69
Calculate the greatest common divisor of 6310395 and 28743.
2613
Calculate the greatest common factor of 1744 and 44426220.
436
What is the greatest common factor of 10450 and 1129949?
19
What is the greatest common divisor of 149520 and 330120?
840
What is the greatest common factor of 686 and 31342402?
14
What is the highest common divisor of 120536654 and 602?
602
What is the highest common factor of 338998292 and 5032?
2516
What is the greatest common factor of 490752 and 2192?
16
Calculate the highest common divisor of 7864 and 4096.
8
What is the greatest common divisor of 48 and 30849392?
16
Calculate the highest common factor of 92778633 and 61287.
1977
What is the highest common factor of 45 and 4112205?
15
Calculate the highest common divisor of 18612 and 5742000.
396
What is the greatest common factor of 83080635 and 9405?
3135
Calculate the highest common divisor of 350 and 400347675.
175
Calculate the greatest common factor of 13304629 and 11817.
1313
What is the greatest common factor of 1205 and 305347?
241
Calculate the greatest common divisor of 537706 and 48737.
13
What is the greatest common divisor of 524 and 34020438?
262
Calculate the greatest common divisor of 34771 and 39617358.
1199
What is the greatest common factor of 999976 and 112968?
4184
Calculate the greatest common factor of 7777 and 10730139.
707
Calculate the greatest common divisor of 46 and 340325480.
46
What is the highest common divisor of 451350218 and 88?
22
Calculate the greatest common divisor of 100744090 and 55.
5
What is the highest common factor of 6315 and 8592189?
1263
Calcu